f -c**6/120 + c**5/30 + c**4/8 + c**3/3 + 2*c**2. List the prime factors of d(a).
2
Let a be (-2)/2 + -5 + 0. List the prime factors of (-7 - 0)/(a/30).
5, 7
Suppose -3*q = o - 3*o + 21, -2*q = 5*o + 33. Let v(c) be the third derivative of c**4/24 + 10*c**3/3 + 2*c**2. List the prime factors of v(q).
11
Suppose 15 = -d + 3*v + 6, 4*d - 5*v = -15. Suppose d = -h - h. List the prime factors of 10 + -1 + h + -1.
2
Suppose 0 = -c + 4*x + 34 + 28, -4*c = -x - 293. Let p = c + -37. What are the prime factors of p?
37
List the prime factors of 3099/27 + (-10)/(-45).
5, 23
Let n = -13 - -16. What are the prime factors of n?
3
Let g(k) = -7*k + 1. Let j(u) be the third derivative of 5*u**4/8 - u**3/3 - u**2. Let h(v) = 11*g(v) + 6*j(v). List the prime factors of h(1).
2, 3
Let v be ((-10)/4)/5*-40. Suppose 0 = 4*p - v - 8. List the prime factors of p.
7
Suppose -s = 5*r - 16 - 0, 2*r + 4 = -3*s. Suppose -r*a = -5*a + 16. List the prime factors of a.
2
Let b(u) = -u + 11. Let v be b(-9). Suppose 3*o - v = -2. What are the prime factors of o?
2, 3
Let y(k) = k + 9 - 6 + k**2 - 5. Let m be y(0). What are the prime factors of (m/4)/(1/(-8))?
2
Let h(q) = q**2 + 5*q + 2. Let p be h(-6). Suppose 0 = -j - 1 + p. List the prime factors of j.
7
Let j be 1 + 4 + 0 + -3. Suppose 8 = 2*f - 4*u, 0 = -j*f + 5*f - 2*u - 24. What are the prime factors of f?
2, 5
Let d = 2 - 3. Let l be d/((-3)/(-12)*-1). What are the prime factors of -3*((-64)/6)/l?
2
Suppose -5*y - 2*n = 1 - 24, 2*n + 27 = 5*y. Suppose -w = h - 2, -2*h + 10 + 0 = y*w. Suppose -1 = -w*f + 3. What are the prime factors of f?
2
Let u = -12 + 26. List the prime factors of u.
2, 7
Suppose 7*p - 4*p = -3*a + 36, 5*p = 2*a + 25. What are the prime factors of p?
7
Suppose -3*h + 21 - 6 = 0. Suppose 0 = 5*b + 10*v - 5*v - 100, h*b - 104 = -v. What are the prime factors of b?
3, 7
Let y(x) = -2*x**3 - 14*x**2 + 11*x - 1. Let o(j) = -j**3 - 13*j**2 + 12*j - 1. Let l(v) = 3*o(v) - 2*y(v). List the prime factors of l(10).
3, 13
Suppose 0 = -4*h + 270 + 1082. List the prime factors of h.
2, 13
Let p = -6 - -6. Suppose -4*f + 5*f = p. Suppose f = z - 3*u - 6, 2*z - 2*u - 12 = 3*u. What are the prime factors of z?
2, 3
Let q be ((-4)/(-4))/(1/2). Suppose -q = -2*h + h. List the prime factors of 5 - (0 + h/(-1)).
7
Suppose 4*g - 2*y = 152, g - 3*y - 41 = -y. List the prime factors of g.
37
Suppose -2*k = -3*w - 97, 5*w + 103 = 2*k + 4. What are the prime factors of k?
47
Suppose 2*l - 3 = 4*h + 3, -h + 11 = 2*l. Let r = -3 + h. What are the prime factors of 3 + 1*r/2?
2
Suppose 0 = 4*h - 2*h - 52. What are the prime factors of h?
2, 13
Let a be (-6)/21 + 18/14. Let r be (1 - a)*4/4. Suppose -x = -r*x - 6. What are the prime factors of x?
2, 3
Let g = -3 - -3. What are the prime factors of 9 + (g - (-6)/2)?
2, 3
Suppose -3*f + 36 = 5*y, 0 = -y - 0 + 3. Suppose 5*v - 75 = -0*v. Let k = v - f. What are the prime factors of k?
2
Let c(l) = l**3 + 6*l**2 - 8*l + 7. List the prime factors of c(-7).
2, 7
Suppose 1 = 2*y - 23. List the prime factors of y.
2, 3
Suppose -2*x + w + 29 = 0, -w = -2*x - 2*w + 19. Suppose 4*y - x = -0. Suppose -7*t = -y*t - 60. List the prime factors of t.
3, 5
Let m = 1 + 1. Suppose -5*s = -m*n - 2*s + 7, -17 = -2*n + s. List the prime factors of n.
11
Let o(r) = r**3 + 5*r**2 + 6*r + 6. Let l be o(-4). Let u(h) = h**3 - h. Let q be u(1). Let m = q - l. List the prime factors of m.
2
Suppose -4*q = -14*q + 1230. List the prime factors of q.
3, 41
Let q be (-1 + 2)*(11 - 3). Suppose k - 2 - q = 0. Suppose -5*r + 5 + k = 0, 5*i = 2*r + 4. List the prime factors of i.
2
Let f(h) = h**2 - 7*h + 9. Suppose 2*t = 4*k + 3*t - 28, -24 = -2*k - 3*t. Let s be f(k). Suppose 0 = -s*m - 0*m + 12. What are the prime factors of m?
2
Let o(m) = 48*m + 3. What are the prime factors of o(1)?
3, 17
Suppose -3*x = -2*a + 13, a - 11 = -0*a + 3*x. Suppose -4*j = -a*d + 210, -3*j + 5*d - 155 = d. Let t = -33 - j. List the prime factors of t.
2, 5
Let z = 497 + -244. What are the prime factors of z?
11, 23
Let h be 0/(-1) - 0/(-4). Let d = 3 - h. Suppose 0*b - v + 8 = d*b, 0 = 2*b + 4*v - 2. List the prime factors of b.
3
Let k = 39 - 1. What are the prime factors of k?
2, 19
Suppose -2*o + 5*w + 92 = 0, 25 = -4*w + 9. What are the prime factors of o?
2, 3
Let x(z) be the second derivative of -z**3/2 - z**2/2 + 3*z. Let q be x(-1). What are the prime factors of (34 + 1)*q/5?
2, 7
Let g = -6 - -6. Suppose 5*f - 56 + 1 = g. What are the prime factors of f?
11
Let w be (-48)/28 + 4/(-14). List the prime factors of 2/w*-7 - 2.
5
Suppose 4*c = -3*q - c + 39, -2*q + 19 = c. List the prime factors of q.
2
Suppose i - 30 = -26. Let n = 1 + -1. Suppose -k = 2*z - n*z - 6, i*z = k + 12. List the prime factors of z.
3
Suppose -z + 1 = -1. Suppose -z*v = -3*v + 12. List the prime factors of v.
2, 3
Let r(i) = -i**3 + 9*i**2 - 2*i - 6. What are the prime factors of r(8)?
2, 3, 7
Let r be 3*(-3)/(-9)*-1. Let k be (-3)/r + 85 - 2. Suppose -4*o - 26 = -k. List the prime factors of o.
3, 5
Let p be 33/2*(-6)/(-9). Suppose 3*r + 3*v + 5 - 14 = 0, 0 = 3*r + 2*v - 8. Suppose w + p = r*w. What are the prime factors of w?
11
Let j(o) = 9*o**2 + o - 2. What are the prime factors of j(1)?
2
Suppose 0*y = 3*m + 3*y - 147, 98 = 2*m + y. List the prime factors of m.
7
Suppose 3 = 3*p + 4*t, -3*t - 2*t = -4*p + 35. List the prime factors of p/(-20) - (-45)/4.
11
Let j = -2 - -5. Suppose k - 4*s + 3*s - 11 = 0, -3*s + 51 = j*k. List the prime factors of k.
2, 7
Let q(n) = n**2 + 25*n + 65. List the prime factors of q(-26).
7, 13
Suppose -5*g + 7 = -3. Suppose 0 = -3*y + 4 + g. List the prime factors of y.
2
Let j(d) = 66*d + 1. List the prime factors of j(1).
67
Let b(m) = m**2 + 4*m. Let w(f) = 6*f**3 - f. Let d be w(-1). What are the prime factors of b(d)?
5
List the prime factors of (-7)/(57/15 + -4).
5, 7
Suppose -3*n + 5*n = 3*d - 4, 4*d + n - 20 = 0. Let j = d + 29. Suppose -3*a = -3*q + 2*a + 6, 3*q - j = -4*a. What are the prime factors of q?
7
Let j(n) = n - 4. Let x be j(6). Suppose 5*c - 2*c - 11 = -a, 3*c + 2*a = 10. Suppose -x = -3*y + c. List the prime factors of y.
2
Let m = 15 - 8. List the prime factors of m.
7
Let a(c) = 81*c**3 - c**2 + 2*c - 1. List the prime factors of a(1).
3
Suppose -y + 38 = 2*u + 3*y, -3*u - 5*y = -58. List the prime factors of u.
3, 7
Suppose u = 2*s - 5, -3*u = 3*s - 4*s - 10. Suppose 0 = -3*q - 8 - 4, 0 = u*f + 5*q. List the prime factors of f.
2
Suppose a = 9 - 4, -125 = -4*p - 5*a. Suppose 0 = -r - 5*c - p, 3*r + 3*c = c - 36. Let y = r - -22. List the prime factors of y.
2, 3
Let d(l) = 2*l**2 + l + 3. Let t be d(-3). Suppose -2*j - 2*h = -t, -5*h + 0*h = -5*j + 25. What are the prime factors of (j/(-3))/((-1)/3)?
7
Let i = -3 - -1. Let c = 1 - i. What are the prime factors of c?
3
Let h = -1 - -3. Let q be 3/h*(1 - -1). Suppose -n + 3*p + 21 = q*n, -2*n + p + 11 = 0. What are the prime factors of n?
2, 3
Let y(f) = f**2 + 2. Let x be y(6). Let d = x - 10. List the prime factors of d.
2, 7
Suppose -b - 32 = -3*b. Suppose 0 = 6*m - 4*m - b. What are the prime factors of m?
2
Let a = 4 - 2. Suppose 0 = -2*m + o - 2*o - 11, 0 = a*m - 2*o + 2. Let g = m - -8. What are the prime factors of g?
2
Let m be (-102)/(-36) - (-1)/6. Suppose 12 + m = -a. What are the prime factors of ((-18)/a)/(3/40)?
2
Suppose 0*u = u. Suppose u = 7*o - 3*o. Let r = 10 - o. What are the prime factors of r?
2, 5
Suppose 4*l + 82 = 2*u, 0*u - 2*u = -2*l - 76. List the prime factors of u.
5, 7
Let m(c) = c**3 + 12*c**2 + 2*c - 18. List the prime factors of m(-11).
3
Suppose 3*s - 5 = -m, -3*s = -5*m - 2 + 9. Suppose b = -2*q + 21, m*q + 2*b - 3*b - 11 = 0. List the prime factors of q.
2
Suppose 4*v - t = 3*t - 88, 2*v - 3*t + 43 = 0. Let x = 59 + v. Suppose 0*j + x = 4*j. What are the prime factors of j?
3
Let f(l) be the first derivative of -l**4/12 + 4*l**3/3 + 3*l**2 + l - 2. Let n(p) be the first derivative of f(p). What are the prime factors of n(8)?
2, 3
Suppose 0 = k + 5*k - 1020. What are the prime factors of k?
2, 5, 17
Suppose -5*q = -5 - 120. What are the prime factors of q?
5
Let m(v) = 0*v - 1 - 3*v + 4*v. Let u be m(8). Suppose u = z - 0. List the prime factors of z.
7
Suppose a = h, -h = -2*h - 4*a + 25. Suppose 